{"id":121,"date":"2020-02-25T10:08:07","date_gmt":"2020-02-25T09:08:07","guid":{"rendered":"https:\/\/lego-masters.si\/?page_id=121"},"modified":"2020-02-25T10:08:08","modified_gmt":"2020-02-25T09:08:08","slug":"kontakt","status":"publish","type":"page","link":"https:\/\/lego-masters.si\/?page_id=121","title":{"rendered":"Kontakt"},"content":{"rendered":"\n<p class=\"has-text-align-center\"><strong>Organizator tekmovanja :<\/strong><\/p>\n\n\n\n<p class=\"has-text-align-center has-medium-font-size\"><strong><a rel=\"noreferrer noopener\" href=\"http:\/\/msc.fe.uni-lj.si\" target=\"_blank\">Laboratorij za avtomatiko in kibernetiko<\/a><\/strong><\/p>\n\n\n\n<p><\/p>\n\n\n\n<p class=\"has-text-align-center\"><strong>Glavni koordinator : <a href=\"mailto:igor.skrjanc@fe.uni-lj.si\">prof. dr. Igor \u0160krjanc<\/a><\/strong><\/p>\n\n\n\n<p class=\"has-text-align-center\"><\/p>\n\n\n\n<p class=\"has-text-align-center\"><strong>Izvedba tekmovanja:&nbsp;<\/strong><\/p>\n\n\n\n<p class=\"has-text-align-center\"><strong><a href=\"mailto:vito.logar@fe.uni-lj.si\" target=\"_blank\" rel=\"noreferrer noopener\" aria-label=\"doc. dr. Vito Logar (opens in a new tab)\">doc. dr. Vito Logar<\/a><\/strong><\/p>\n\n\n\n<p>Vabimo vse zainteresirane \u0161tudente naj nas kontaktirajo, v kolikor \u017eelijo sodelovati pri organizaciji dogodka.<\/p>\n","protected":false},"excerpt":{"rendered":"<p>Organizator tekmovanja : Laboratorij za avtomatiko in kibernetiko Glavni koordinator : prof. dr. Igor \u0160krjanc Izvedba tekmovanja:&nbsp; doc. dr. Vito Logar Vabimo vse zainteresirane \u0161tudente naj nas kontaktirajo, v kolikor \u017eelijo sodelovati pri organizaciji dogodka.<\/p>\n","protected":false},"author":1,"featured_media":0,"parent":0,"menu_order":0,"comment_status":"closed","ping_status":"closed","template":"","meta":{"ngg_post_thumbnail":0},"_links":{"self":[{"href":"https:\/\/lego-masters.si\/index.php?rest_route=\/wp\/v2\/pages\/121"}],"collection":[{"href":"https:\/\/lego-masters.si\/index.php?rest_route=\/wp\/v2\/pages"}],"about":[{"href":"https:\/\/lego-masters.si\/index.php?rest_route=\/wp\/v2\/types\/page"}],"author":[{"embeddable":true,"href":"https:\/\/lego-masters.si\/index.php?rest_route=\/wp\/v2\/users\/1"}],"replies":[{"embeddable":true,"href":"https:\/\/lego-masters.si\/index.php?rest_route=%2Fwp%2Fv2%2Fcomments&post=121"}],"version-history":[{"count":1,"href":"https:\/\/lego-masters.si\/index.php?rest_route=\/wp\/v2\/pages\/121\/revisions"}],"predecessor-version":[{"id":122,"href":"https:\/\/lego-masters.si\/index.php?rest_route=\/wp\/v2\/pages\/121\/revisions\/122"}],"wp:attachment":[{"href":"https:\/\/lego-masters.si\/index.php?rest_route=%2Fwp%2Fv2%2Fmedia&parent=121"}],"curies":[{"name":"wp","href":"https:\/\/api.w.org\/{rel}","templated":true}]}}